= 382*w**3 - 16*w**2 + 13*w - 3. Let y(q) = 11*j(q) - 6*l(q). Is y(-3) a prime number?
True
Suppose -8*x = 4*m - 4*x - 576, 4*x = -4. Let u = m + -140. Is (u - -1 - (3 + -1)) + 15 composite?
False
Suppose 0 = 3*a - 0*a - 18. Suppose 53 = a*l - 7. Suppose -5*c = -l*c + 1910. Is c composite?
True
Suppose -4*k + 3*k = -3*o - 13311, 2*k = o + 26622. Let n = -9322 + k. Is n composite?
False
Let g be 3 + ((-4)/(-2) - -1). Suppose 41 = 10*p - 19. Is 153 + (-4)/p*g composite?
False
Let w(x) = -10*x - 107. Let u be w(-11). Suppose -7*r - 5*g = -u*r - 13792, g - 13808 = -4*r. Is r a prime number?
False
Suppose -2*f = p + 139, -2*p + 248 = -4*f + 2*p. Let a = f + 126. Is a a composite number?
False
Let i(m) = 10*m**3 + m**2 + 97*m - 61. Is i(12) prime?
False
Let s(y) = 37*y - 4. Let i be s(1). Is ((-32)/(-48))/(4/i)*1574 composite?
True
Let m(t) = -990*t. Let i be m(-1). Suppose i = 3*d - 2835. Let j = d - 166. Is j composite?
False
Let t = 1255 - 545. Suppose t = 8*k - 1058. Is k a composite number?
True
Suppose 27*z - 910146 = 10*z. Suppose 7*n = n + z. Is n prime?
True
Suppose -32*t + 1269272 - 238456 = 0. Is t a prime number?
True
Suppose 0 = 5*h + 3*l - 60772, 4 = -6*l + 2*l. Suppose -3*p = 3, h = 5*j - 3*p - 363. Is j prime?
True
Suppose -n - 86530 = -101543. Is n composite?
False
Let b(g) be the third derivative of -17*g**6/24 + 7*g**5/60 + 8*g**4/3 - g**3/6 - 13*g**2 + g. Is b(-6) composite?
True
Let c be (-2)/9 + (-174)/(-54) + 5. Suppose -c*k + 4*k = 4. Is (k + -2)/(-6)*1502 composite?
False
Let u(q) = -q - 3. Let i be u(-3). Let w = 164 - 45. Suppose -m = 6*t - 2*t - w, i = -5*m + 4*t + 643. Is m a composite number?
False
Let f(y) be the second derivative of 43*y**4/12 - y**3/2 - 9*y**2/2 + y - 29. Is f(-10) prime?
False
Suppose i - h = 521469, 136*i = 141*i - 3*h - 2607361. Is i prime?
False
Let w(h) = h**2 - 20*h + 19. Let i be w(20). Suppose 0 = i*a - 3*a - 17312. Is a prime?
False
Let u(j) = -7285*j + 1205. Is u(-30) prime?
False
Suppose 0 = -2*d - 19 + 1047. Suppose -j + 3*j = d. Is j prime?
True
Let g = 3793 - -779614. Is g a composite number?
False
Suppose 53 = z + 3*x, -34 - 37 = -2*z + x. Suppose 9*i - z*i + 53563 = 0. Is i prime?
True
Let s be (6 + -16)*(-6530 - (2 + -2)). Suppose 20*j + 0*j = s. Is j composite?
True
Is 523676/3 - ((-4029)/(-2601) - 4/(-34)) a prime number?
False
Let r = 88 + -84. Let s be (114/9)/((-4)/(-246)). Suppose -3*b = -r*a - s, b - 255 = -0*b - a. Is b a composite number?
False
Suppose -3*v = -3*m + 271371, 433067 = 5*m + 3*v - 19170. Is m a composite number?
True
Let d(n) = -n**2 + 2 - 5 - 2 + 272*n**3 + 3*n + 2*n. Let g(h) = -h**3 + 4*h**2 + 4*h + 6. Let o be g(5). Is d(o) a composite number?
False
Let y(f) = -3*f - 6. Let w be (-3 - (-4 + 7))/2. Let z be y(w). Is -2*(11555/(-10) - z) a composite number?
True
Let l(x) = x + 11. Let w(p) = -p**3 - 6*p**2 + 3*p - 24. Let g be w(-7). Let a be l(g). Suppose 3*y + a = 0, 0 = -3*v + 5*y - 2*y + 462. Is v a prime number?
True
Suppose 7*h = 6*h + 939. Let m = h - 402. Is m prime?
False
Let x(a) = -33*a**3 - 22*a**2 - 18*a + 2. Is x(-13) prime?
True
Let m be (7 + 2)/((-3)/(-4)). Let g be (-2)/(-12) - (-15478)/m. Suppose 2*n - 4*w - g = 0, w = n + 48 - 695. Is n prime?
False
Let u = -699183 - -1693292. Is u composite?
True
Let p be -3*3*(-4 - 111/(-27)). Is -1 - 6/p*454/3 prime?
True
Suppose -2*l + l + q - 29 = 0, 2*l + 43 = -q. Is l/18 - (-37486)/3 a composite number?
True
Is 835256 + -12 + (-90)/(-12)*10/15 composite?
False
Let o(j) be the second derivative of 23*j**5/5 - j**4/3 + j**3 - 7*j**2/2 + 66*j + 2. Is o(3) prime?
True
Suppose -2*v + 23 = -3*p, 2*v + 36 = 5*v - 5*p. Suppose 1 = -5*r + 4*a - v, 3*r + 2 = a. Suppose 809 = b - r*b. Is b a prime number?
True
Let s(o) = 14*o**3 + 3*o**2 - o + 7. Suppose -26*l - 16 = -94. Is s(l) composite?
False
Let u(p) be the second derivative of -p**4/12 - p**3/6 - 4*p**2 - 5*p. Let b be u(-4). Is -2*212/(b/5) prime?
False
Suppose 0*j - 10465 = -3*j + 2*l, 4*j - 13955 = 3*l. Let y = j + -2455. Let i = 1131 + y. Is i a prime number?
True
Let t = 76321 - 21054. Is t prime?
False
Let h(f) = -34*f + 40. Let o(z) = -34*z + 39. Let p(j) = -4*h(j) + 5*o(j). Let d be 102/3*74/(-148). Is p(d) composite?
False
Let o = 14 + -35. Let c be (60/o)/2 - (-8)/(-14). Is ((-2)/c*19)/(7/329) prime?
False
Let w = -1277 - -1368. Suppose -1876 + 124 = -2*u. Let d = u + w. Is d prime?
True
Suppose -43*m + 48*m + 3640746 = 2*d, 0 = -5*d + m + 9101865. Is d prime?
False
Suppose 12*a = 15 + 9. Suppose 5*g = -o + 2410, 3*g + 0*o - a*o = 1433. Is g composite?
True
Suppose -2*n + 3*k = -15955, 0 = n - 4*k - 2029 - 5961. Suppose 10*r - 40 = 5*r. Suppose -r*o - 2*o = -n. Is o prime?
True
Let z be (-8)/12 + (-28414)/(-6). Let i be 3/(-9) - (-63471)/9. Let j = i - z. Is j a composite number?
True
Suppose -2*z - 2*c = -6*c - 54, 2*c + 10 = 0. Suppose -z*r - 132737 + 1187196 = 0. Is r a prime number?
False
Let i(l) = 33*l**2 - 2*l - 24. Let o(t) = 17*t**2 - t - 12. Let a(w) = 4*i(w) - 9*o(w). Let k be a(-4). Let x = 587 + k. Is x a prime number?
False
Let s(h) = -7*h**2 + 3*h + 17. Let f be 75/20 - 4 - (-3)/(-4). Let y(c) = -c + 1. Let x(u) = f*s(u) + 2*y(u). Is x(13) prime?
True
Let u = -250 - -252. Suppose -2*o = 5*n - 5*o - 6359, -5096 = -4*n - u*o. Is n composite?
True
Suppose 3*d - 4*s - 291481 = 0, -30*d + 291446 = -27*d + s. Is d a composite number?
False
Suppose 4392 = 12*c - 4*c. Let s(f) = -45*f + 137*f + c*f. Is s(1) a prime number?
True
Let b = -257644 - -556641. Is b composite?
True
Let r(m) = 1053*m**2 + m + 1 + 5064*m**2 + 0*m - 1396*m**2. Let n = 1 - 2. Is r(n) a composite number?
False
Let p = 20703 - -8013. Let n = p + -13703. Is n composite?
False
Suppose -2*h = v - 11217, -5*v + 0*h = -2*h - 56133. Suppose 15*g - v = -57380. Let p = g + 4548. Is p a composite number?
False
Let u = -533 - -532. Is 11/33 + (55023/9 - u) a prime number?
False
Suppose 40*y - 7536 = 43*y. Let a = y + 14105. Is a prime?
True
Suppose 14 = 4*l + 10*l. Is 2319 + l + -4 + 50/10 a composite number?
True
Suppose 25 - 25 = p. Is 32085 + (9 - 0 - 5 - p) a composite number?
False
Is (-9)/(18/(-14)) + (-25)/5 + 1003045 prime?
False
Suppose 3*z + 12798 = 3*y, -5*y + 4323 = z - 16989. Let v = y - -301. Let a = v + -3245. Is a a prime number?
True
Let x be (-2)/4*(0 + 2)*-5. Suppose -x = 23*v - 24*v. Suppose -795 = 2*a - v*a. Is a composite?
True
Let k(a) = -21362*a - 15. Is k(-7) composite?
False
Let u(z) = z**2 - 2*z - 3. Let b be u(3). Suppose 0 = -b*w - 2*w + 10. Suppose 0 = w*n - 4813 - 7502. Is n a composite number?
True
Let s(r) = -r - 1. Let j be s(-5). Let x(c) = c**2 - 9*c + 16. Let i be x(9). Suppose i*n - 36420 = j*n. Is n composite?
True
Let d(s) = 2*s**2 - 17*s + 7. Let w be d(9). Is (189812/w)/((-18)/(-72)) a prime number?
False
Let c be 22/(-3 + 2)*(-12)/(-8). Is (518/21)/(-2)*c a prime number?
False
Suppose 0 = 2*p + 4*b + 16 + 28, p = 5*b - 57. Let t = p - -36. Suppose 2*h + t*v - 386 = 0, v = 5*h + 6*v - 990. Is h a prime number?
False
Let d(a) = a**3 - a**2 + 23*a + 9509. Is d(0) prime?
False
Let d(r) = 2102*r + 35. Let h(m) = -4204*m - 69. Let a(v) = 5*d(v) + 2*h(v). Is a(3) composite?
False
Let g(m) = -m - 3. Let f be g(-1). Is (-5736918)/(-165) - f/(-10) composite?
True
Suppose 2*w - 4*n - 93324 = -0*n, 5*w + 4*n - 233324 = 0. Let a = w - 28065. Is a prime?
False
Suppose -2*t + 333*m = 331*m - 9766, 24413 = 5*t - 3*m. Is t composite?
True
Let i(u) be the second derivative of -5*u**3/6 + 121*u**2/2 + 1454*u. Let y be 1/4 + 3/(-12). Is i(y) a composite number?
True
Suppose -24*o = -22*o + 5*q - 33303, 0 = 5*o - 4*q - 83241. Is o composite?
False
Let f be (246/10)/(55/275). Suppose -7265 = -124*h + f*h. Is h prime?
False
Suppose 0 = 7*f - 22*f + 110700. Let s be (-4)/(-14) + f/140. Let n = s + 134. Is n a composite number?
True
Suppose 0 = -r + 5*o + 1295 + 1032, 2*o = -4. Is r prime?
False
Suppose 1062*j + 566610 = 1080*j - 3504432. Is j a prime number?
True
Suppose 5*c - 49551 = 2*r, c + 49545 = 6*c - 5*r. Let s = -14228 + c. Let q = -2416 - s. Is q a composite number?
False
Suppose 0 = 13*k - 12*k - 11960. Suppose -k + 4146 = -2*t. Is t a prime number?
True
Let i be (-127315)/45 - (3 - (-58)/(-18)). Let y = i - -13574. Suppose -2*m = -7*m + y. Is 